{"id":66,"date":"2014-03-15T15:36:07","date_gmt":"2014-03-15T13:36:07","guid":{"rendered":"http:\/\/www.yourpagemaker.de\/transfer\/roadster2014\/?page_id=66"},"modified":"2014-04-03T22:49:28","modified_gmt":"2014-04-03T20:49:28","slug":"kontakt","status":"publish","type":"page","link":"https:\/\/www.yourpagemaker.de\/smart-roadster\/kontakt\/","title":{"rendered":"Kontakt"},"content":{"rendered":"<h4>\u00a0Karl Reinhold Sch\u00f6b<\/h4>\n<div>\n<p>YOUR pageMaker<br \/>\nMonika Sch\u00f6b<\/p>\n<p>Eichenstra\u00dfe 4<br \/>\n71126 G\u00e4ufelden<\/p>\n<p>Tel +49 70 32 79 04 36<br \/>\nFax + 49 70 32 79 04 37<\/p>\n<p><a href=\"mailto:info@yourpagemaker.de\">info@yourpagemaker.de<\/a><\/p>\n<\/div>\n","protected":false},"excerpt":{"rendered":"<p>\u00a0Karl Reinhold Sch\u00f6b YOUR pageMaker Monika Sch\u00f6b Eichenstra\u00dfe 4 71126 G\u00e4ufelden Tel +49 70 32 79 04 36 Fax + 49 70 32 79 04 37 info@yourpagemaker.de<\/p>\n","protected":false},"author":1,"featured_media":0,"parent":0,"menu_order":0,"comment_status":"closed","ping_status":"closed","template":"","meta":{"footnotes":""},"class_list":["post-66","page","type-page","status-publish"],"aioseo_notices":[],"_links":{"self":[{"href":"https:\/\/www.yourpagemaker.de\/smart-roadster\/wp-json\/wp\/v2\/pages\/66","targetHints":{"allow":["GET"]}}],"collection":[{"href":"https:\/\/www.yourpagemaker.de\/smart-roadster\/wp-json\/wp\/v2\/pages"}],"about":[{"href":"https:\/\/www.yourpagemaker.de\/smart-roadster\/wp-json\/wp\/v2\/types\/page"}],"author":[{"embeddable":true,"href":"https:\/\/www.yourpagemaker.de\/smart-roadster\/wp-json\/wp\/v2\/users\/1"}],"replies":[{"embeddable":true,"href":"https:\/\/www.yourpagemaker.de\/smart-roadster\/wp-json\/wp\/v2\/comments?post=66"}],"version-history":[{"count":3,"href":"https:\/\/www.yourpagemaker.de\/smart-roadster\/wp-json\/wp\/v2\/pages\/66\/revisions"}],"predecessor-version":[{"id":239,"href":"https:\/\/www.yourpagemaker.de\/smart-roadster\/wp-json\/wp\/v2\/pages\/66\/revisions\/239"}],"wp:attachment":[{"href":"https:\/\/www.yourpagemaker.de\/smart-roadster\/wp-json\/wp\/v2\/media?parent=66"}],"curies":[{"name":"wp","href":"https:\/\/api.w.org\/{rel}","templated":true}]}}